{"id":42,"date":"2025-07-01T09:30:59","date_gmt":"2025-07-01T09:30:59","guid":{"rendered":"https:\/\/colharmony.mx\/?post_type=product&#038;p=42"},"modified":"2025-07-01T10:44:24","modified_gmt":"2025-07-01T10:44:24","slug":"ref-fb713c-faja-powernet-con-cremallera","status":"publish","type":"product","link":"https:\/\/colharmony.mx\/?product=ref-fb713c-faja-powernet-con-cremallera","title":{"rendered":"REF FB713C FAJA POWERNET CON CREMALLERA"},"content":{"rendered":"<p>Faja moldeadora sin tirantes con cremallera en powernet,\u00a0<span class=\"JsGRdQ\">\u00a0modelo de cintura de avispa<\/span>.\u00a0Fabricada con la mayor ingenier\u00eda textil e insumos de primera calidad para brindar un moldeo c\u00f3modo y seguro.\u00a0Con su forro interno de algod\u00f3n licrado, sentir\u00e1s el mayor confort en una faja, mientras realzas tus gl\u00fateos con las bandas Push Up y el alto control a tu abdomen y cintura.\u00a0Modelo strapless con encaje siliconado, varillas delgadas ultraflexibles para manterla en su lugar a lo largo del d\u00eda, tiras removibles y apertura perineal en tapa.<\/p>\n<p><strong>Faja de alta compresi\u00f3n<\/strong><\/p>\n<ul>\n<li>Cremallera frontal con una l\u00ednea de broches interna<\/li>\n<li>Apertura perineal para ir f\u00e1cilmente al ba\u00f1o<\/li>\n<li>Encaje siliconado bajo el busto y en pierna con varillas delgadas ultraflexibles<\/li>\n<li><strong><em>Nota importante: este modelo puede llegar o no con tiras delgadas removibles<\/em><\/strong><\/li>\n<\/ul>\n","protected":false},"excerpt":{"rendered":"<p>Faja moldeadora sin tirantes con cremallera en powernet,\u00a0\u00a0modelo de cintura de avispa.\u00a0Fabricada con la mayor ingenier\u00eda textil e insumos de primera calidad para brindar un moldeo c\u00f3modo y seguro.\u00a0Con su forro interno de algod\u00f3n licrado, sentir\u00e1s el mayor confort en una faja, mientras realzas tus gl\u00fateos con las bandas Push Up y el alto control [&hellip;]<\/p>\n","protected":false},"featured_media":43,"comment_status":"open","ping_status":"closed","template":"","meta":[],"product_brand":[],"product_cat":[39,44],"product_tag":[],"class_list":{"0":"post-42","1":"product","2":"type-product","3":"status-publish","4":"has-post-thumbnail","6":"product_cat-linea-de-moldeo","7":"product_cat-uso-diario","9":"first","10":"instock","11":"shipping-taxable","12":"purchasable","13":"product-type-variable"},"_links":{"self":[{"href":"https:\/\/colharmony.mx\/index.php?rest_route=\/wp\/v2\/product\/42","targetHints":{"allow":["GET"]}}],"collection":[{"href":"https:\/\/colharmony.mx\/index.php?rest_route=\/wp\/v2\/product"}],"about":[{"href":"https:\/\/colharmony.mx\/index.php?rest_route=\/wp\/v2\/types\/product"}],"replies":[{"embeddable":true,"href":"https:\/\/colharmony.mx\/index.php?rest_route=%2Fwp%2Fv2%2Fcomments&post=42"}],"version-history":[{"count":0,"href":"https:\/\/colharmony.mx\/index.php?rest_route=\/wp\/v2\/product\/42\/revisions"}],"wp:featuredmedia":[{"embeddable":true,"href":"https:\/\/colharmony.mx\/index.php?rest_route=\/wp\/v2\/media\/43"}],"wp:attachment":[{"href":"https:\/\/colharmony.mx\/index.php?rest_route=%2Fwp%2Fv2%2Fmedia&parent=42"}],"wp:term":[{"taxonomy":"product_brand","embeddable":true,"href":"https:\/\/colharmony.mx\/index.php?rest_route=%2Fwp%2Fv2%2Fproduct_brand&post=42"},{"taxonomy":"product_cat","embeddable":true,"href":"https:\/\/colharmony.mx\/index.php?rest_route=%2Fwp%2Fv2%2Fproduct_cat&post=42"},{"taxonomy":"product_tag","embeddable":true,"href":"https:\/\/colharmony.mx\/index.php?rest_route=%2Fwp%2Fv2%2Fproduct_tag&post=42"}],"curies":[{"name":"wp","href":"https:\/\/api.w.org\/{rel}","templated":true}]}}