{"id":1512,"date":"2025-07-03T03:13:17","date_gmt":"2025-07-03T03:13:17","guid":{"rendered":"https:\/\/colharmony.mx\/?page_id=1512"},"modified":"2025-07-03T03:25:24","modified_gmt":"2025-07-03T03:25:24","slug":"catalogos","status":"publish","type":"page","link":"https:\/\/colharmony.mx\/?page_id=1512","title":{"rendered":"Catalogos"},"content":{"rendered":"\t\t<div data-elementor-type=\"wp-page\" data-elementor-id=\"1512\" class=\"elementor elementor-1512\" data-elementor-post-type=\"page\">\n\t\t\t\t<div class=\"elementor-element elementor-element-f6dba7d e-flex e-con-boxed e-con e-parent\" data-id=\"f6dba7d\" data-element_type=\"container\">\n\t\t\t\t\t<div class=\"e-con-inner\">\n\t\t<div class=\"elementor-element elementor-element-f6fd967 e-con-full e-flex e-con e-child\" data-id=\"f6fd967\" data-element_type=\"container\">\n\t\t\t\t<div class=\"elementor-element elementor-element-f0ee288 elementor-widget elementor-widget-heading\" data-id=\"f0ee288\" data-element_type=\"widget\" data-widget_type=\"heading.default\">\n\t\t\t\t<div class=\"elementor-widget-container\">\n\t\t\t\t\t<h2 class=\"elementor-heading-title elementor-size-default\">Catalogos<\/h2>\t\t\t\t<\/div>\n\t\t\t\t<\/div>\n\t\t\t\t<\/div>\n\t\t<div class=\"elementor-element elementor-element-ffc689f e-con-full e-flex e-con e-child\" data-id=\"ffc689f\" data-element_type=\"container\">\n\t\t\t\t<div class=\"elementor-element elementor-element-672f39d elementor-widget elementor-widget-text-editor\" data-id=\"672f39d\" data-element_type=\"widget\" data-widget_type=\"text-editor.default\">\n\t\t\t\t<div class=\"elementor-widget-container\">\n\t\t\t\t\t\t\t\t\t<p data-start=\"247\" data-end=\"300\"><strong data-start=\"247\" data-end=\"300\">Moldea tu figura con calidad, estilo y confianza.<\/strong><\/p><p data-start=\"302\" data-end=\"510\">En nuestra tienda encontrar\u00e1s una cuidada selecci\u00f3n de <strong data-start=\"357\" data-end=\"389\">fajas colombianas originales<\/strong>, dise\u00f1adas para realzar tu silueta y brindarte el soporte que necesitas en tu d\u00eda a d\u00eda o en procesos postoperatorios.<\/p><p data-start=\"649\" data-end=\"694\">Explora todos nuestros modelos disponibles:<\/p><ul data-start=\"695\" data-end=\"803\"><li data-start=\"695\" data-end=\"716\"><p data-start=\"697\" data-end=\"716\">Fajas moldeadoras<\/p><\/li><li data-start=\"717\" data-end=\"736\"><p data-start=\"719\" data-end=\"736\">Postquir\u00fargicas<\/p><\/li><li data-start=\"737\" data-end=\"756\"><p data-start=\"739\" data-end=\"756\">Fajas tipo body<\/p><\/li><li data-start=\"757\" data-end=\"777\"><p data-start=\"759\" data-end=\"777\">Fajas reductoras<\/p><\/li><li data-start=\"778\" data-end=\"803\"><p data-start=\"780\" data-end=\"803\">Fajas para uso diario<\/p><\/li><\/ul>\t\t\t\t\t\t\t\t<\/div>\n\t\t\t\t<\/div>\n\t\t\t\t<\/div>\n\t\t\t\t\t<\/div>\n\t\t\t\t<\/div>\n\t\t<div class=\"elementor-element elementor-element-5838f97 e-flex e-con-boxed e-con e-parent\" data-id=\"5838f97\" data-element_type=\"container\">\n\t\t\t\t\t<div class=\"e-con-inner\">\n\t\t\t\t<div class=\"elementor-element elementor-element-27a255f elementor-widget elementor-widget-spacer\" data-id=\"27a255f\" data-element_type=\"widget\" data-widget_type=\"spacer.default\">\n\t\t\t\t<div class=\"elementor-widget-container\">\n\t\t\t\t\t\t\t<div class=\"elementor-spacer\">\n\t\t\t<div class=\"elementor-spacer-inner\"><\/div>\n\t\t<\/div>\n\t\t\t\t\t\t<\/div>\n\t\t\t\t<\/div>\n\t\t\t\t<div class=\"elementor-element elementor-element-c34b683 elementor-widget elementor-widget-heading\" data-id=\"c34b683\" data-element_type=\"widget\" data-widget_type=\"heading.default\">\n\t\t\t\t<div class=\"elementor-widget-container\">\n\t\t\t\t\t<h2 class=\"elementor-heading-title elementor-size-default\"><h3 class=\"elementor-image-box-title elementor-inline-editing pen\" data-elementor-setting-key=\"title_text\" data-elementor-inline-editing-toolbar=\"none\" data-pen-placeholder=\"Teclea aqu\u00ed...\" style=\"font-family: var( --e-global-typography-primary-font-family ), Sans-serif;font-weight: var( --e-global-typography-primary-font-weight );line-height: var( --e-global-typography-primary-line-height );font-size: var( --e-global-typography-primary-font-size );letter-spacing: var( --e-global-typography-primary-letter-spacing );text-transform: var( --e-global-typography-primary-text-transform );text-align: center\">DESCARGA NUESTRO CAT\u00c1LOGO COMPLETO<\/h3><\/h2>\t\t\t\t<\/div>\n\t\t\t\t<\/div>\n\t\t\t\t<div class=\"elementor-element elementor-element-516cb9f elementor-position-top elementor-widget elementor-widget-image-box\" data-id=\"516cb9f\" data-element_type=\"widget\" data-widget_type=\"image-box.default\">\n\t\t\t\t<div class=\"elementor-widget-container\">\n\t\t\t\t\t<div class=\"elementor-image-box-wrapper\"><figure class=\"elementor-image-box-img\"><a href=\"https:\/\/colharmony.mx\/wp-content\/uploads\/2025\/07\/faa6ef74-e1cd-4e94-b030-65777e0415fb_Shapwear-Colharmony-24.pdf\" target=\"_blank\" tabindex=\"-1\"><img fetchpriority=\"high\" decoding=\"async\" width=\"741\" height=\"418\" src=\"https:\/\/colharmony.mx\/wp-content\/uploads\/2025\/07\/Sin-titulo-1366-x-418-px-741-x-418-px-1.png\" class=\"attachment-full size-full wp-image-194\" alt=\"\" srcset=\"https:\/\/colharmony.mx\/wp-content\/uploads\/2025\/07\/Sin-titulo-1366-x-418-px-741-x-418-px-1.png 741w, https:\/\/colharmony.mx\/wp-content\/uploads\/2025\/07\/Sin-titulo-1366-x-418-px-741-x-418-px-1-300x169.png 300w, https:\/\/colharmony.mx\/wp-content\/uploads\/2025\/07\/Sin-titulo-1366-x-418-px-741-x-418-px-1-600x338.png 600w\" sizes=\"(max-width: 741px) 100vw, 741px\" \/><\/a><\/figure><div class=\"elementor-image-box-content\"><p class=\"elementor-image-box-description\">.<\/p><\/div><\/div>\t\t\t\t<\/div>\n\t\t\t\t<\/div>\n\t\t\t\t<div class=\"elementor-element elementor-element-72b2a22 elementor-align-center elementor-widget elementor-widget-button\" data-id=\"72b2a22\" data-element_type=\"widget\" data-widget_type=\"button.default\">\n\t\t\t\t<div class=\"elementor-widget-container\">\n\t\t\t\t\t\t\t\t\t<div class=\"elementor-button-wrapper\">\n\t\t\t\t\t<a class=\"elementor-button elementor-button-link elementor-size-sm\" href=\"https:\/\/colharmony.mx\/wp-content\/uploads\/2025\/07\/faa6ef74-e1cd-4e94-b030-65777e0415fb_Shapwear-Colharmony-24.pdf\">\n\t\t\t\t\t\t<span class=\"elementor-button-content-wrapper\">\n\t\t\t\t\t\t\t\t\t<span class=\"elementor-button-text\">Descarga aqu\u00ed<\/span>\n\t\t\t\t\t<\/span>\n\t\t\t\t\t<\/a>\n\t\t\t\t<\/div>\n\t\t\t\t\t\t\t\t<\/div>\n\t\t\t\t<\/div>\n\t\t\t\t\t<\/div>\n\t\t\t\t<\/div>\n\t\t\t\t<\/div>\n\t\t","protected":false},"excerpt":{"rendered":"<p>Catalogos Moldea tu figura con calidad, estilo y confianza. En nuestra tienda encontrar\u00e1s una cuidada selecci\u00f3n de fajas colombianas originales, dise\u00f1adas para realzar tu silueta y brindarte el soporte que necesitas en tu d\u00eda a d\u00eda o en procesos postoperatorios. Explora todos nuestros modelos disponibles: Fajas moldeadoras Postquir\u00fargicas Fajas tipo body Fajas reductoras Fajas para [&hellip;]<\/p>\n","protected":false},"author":1,"featured_media":0,"parent":0,"menu_order":0,"comment_status":"closed","ping_status":"closed","template":"elementor_header_footer","meta":{"footnotes":""},"class_list":["post-1512","page","type-page","status-publish","hentry"],"_links":{"self":[{"href":"https:\/\/colharmony.mx\/index.php?rest_route=\/wp\/v2\/pages\/1512","targetHints":{"allow":["GET"]}}],"collection":[{"href":"https:\/\/colharmony.mx\/index.php?rest_route=\/wp\/v2\/pages"}],"about":[{"href":"https:\/\/colharmony.mx\/index.php?rest_route=\/wp\/v2\/types\/page"}],"author":[{"embeddable":true,"href":"https:\/\/colharmony.mx\/index.php?rest_route=\/wp\/v2\/users\/1"}],"replies":[{"embeddable":true,"href":"https:\/\/colharmony.mx\/index.php?rest_route=%2Fwp%2Fv2%2Fcomments&post=1512"}],"version-history":[{"count":5,"href":"https:\/\/colharmony.mx\/index.php?rest_route=\/wp\/v2\/pages\/1512\/revisions"}],"predecessor-version":[{"id":1518,"href":"https:\/\/colharmony.mx\/index.php?rest_route=\/wp\/v2\/pages\/1512\/revisions\/1518"}],"wp:attachment":[{"href":"https:\/\/colharmony.mx\/index.php?rest_route=%2Fwp%2Fv2%2Fmedia&parent=1512"}],"curies":[{"name":"wp","href":"https:\/\/api.w.org\/{rel}","templated":true}]}}